{"id":2353,"date":"2026-03-16T16:52:09","date_gmt":"2026-03-16T15:52:09","guid":{"rendered":"https:\/\/ccov.fr\/neufchateau\/?page_id=2353"},"modified":"2026-03-17T09:59:41","modified_gmt":"2026-03-17T08:59:41","slug":"arbre-a-miel","status":"publish","type":"page","link":"https:\/\/ccov.fr\/neufchateau\/vie-quotidienne\/environnement\/parc-des-confluences\/plantations\/arbre-a-miel\/","title":{"rendered":"Arbres des Miels"},"content":{"rendered":"\n<p><strong>Nom courant :<\/strong>&nbsp;Arbre des miels<\/p>\n\n\n\n<p><strong>Nom scientifique :<\/strong>&nbsp;Euodia daniellii<\/p>\n\n\n\n<p><strong>Provenance :<\/strong>&nbsp;L\u2019Euodia daniellii est originaire d\u2019Asie, notamment de Chine, o\u00f9 il est largement cultiv\u00e9 comme arbre d\u2019ornement.<\/p>\n\n\n\n<p><strong>Descriptif :<\/strong>&nbsp;L\u2019Euodia daniellii est un petit arbre \u00e0 feuilles caduques de la famille des Rutaceae. Il peut atteindre une hauteur de 5 \u00e0 10 m\u00e8tres dans des conditions id\u00e9ales. Les feuilles sont vert fonc\u00e9 et brillantes, avec des bords dentel\u00e9s. En \u00e9t\u00e9, il produit de petites fleurs blanches ou verd\u00e2tres qui d\u00e9gagent un parfum sucr\u00e9, attirant les pollinisateurs. Les fruits sont des capsules qui m\u00fbrissent en automne et contiennent de petites graines.<\/p>\n\n\n\n<p><strong>Effets sur la sant\u00e9 :&nbsp;<\/strong>L\u2019Euodia daniellii n\u2019a pas d\u2019effets connus sur la sant\u00e9 humaine. Cependant, comme pour toutes les plantes, il est recommand\u00e9 de ne pas consommer les parties de la plante sans une identification pr\u00e9cise, car certaines peuvent \u00eatre toxiques.<\/p>\n\n\n\n<p><strong>Effet sur la nature :&nbsp;<\/strong>L\u2019Arbre des miels est souvent plant\u00e9 pour son attrait ornemental dans les parcs, les jardins et les rues. Ses fleurs parfum\u00e9es attirent les abeilles et autres pollinisateurs, ce qui en fait un ajout pr\u00e9cieux \u00e0 tout paysage pour la biodiversit\u00e9.<\/p>\n\n\n\n<p><strong>Entretien :<\/strong>&nbsp;L\u2019Euodia daniellii est relativement facile \u00e0 entretenir une fois \u00e9tabli. Il pr\u00e9f\u00e8re les sols bien drain\u00e9s et riches en mati\u00e8re organique, mais peut tol\u00e9rer d\u2019autres conditions de sol. Il n\u00e9cessite un arrosage r\u00e9gulier, surtout pendant les p\u00e9riodes s\u00e8ches (surtout lorsqu\u2019il est jeune). La taille peut \u00eatre pratiqu\u00e9e pour maintenir sa forme et \u00e9liminer les branches mortes ou ind\u00e9sirables.<\/p>\n\n\n\n<figure class=\"wp-block-image size-large\"><img fetchpriority=\"high\" decoding=\"async\" width=\"1024\" height=\"732\" src=\"https:\/\/ccov.fr\/neufchateau\/wp-content\/uploads\/sites\/2\/2026\/03\/Tetradium_daniellii_kz04-1024x732.jpg\" alt=\"\" class=\"wp-image-2481\" srcset=\"https:\/\/ccov.fr\/neufchateau\/wp-content\/uploads\/sites\/2\/2026\/03\/Tetradium_daniellii_kz04-1024x732.jpg 1024w, https:\/\/ccov.fr\/neufchateau\/wp-content\/uploads\/sites\/2\/2026\/03\/Tetradium_daniellii_kz04-300x214.jpg 300w, https:\/\/ccov.fr\/neufchateau\/wp-content\/uploads\/sites\/2\/2026\/03\/Tetradium_daniellii_kz04-768x549.jpg 768w, https:\/\/ccov.fr\/neufchateau\/wp-content\/uploads\/sites\/2\/2026\/03\/Tetradium_daniellii_kz04-1536x1097.jpg 1536w, https:\/\/ccov.fr\/neufchateau\/wp-content\/uploads\/sites\/2\/2026\/03\/Tetradium_daniellii_kz04-2048x1463.jpg 2048w\" sizes=\"(max-width: 1024px) 100vw, 1024px\" \/><figcaption class=\"wp-element-caption\"><a href=\"https:\/\/commons.wikimedia.org\/wiki\/File:TetradiumDaniellii.jpg\">https:\/\/commons.wikimedia.org\/wiki\/File:TetradiumDaniellii.jpg <\/a><\/figcaption><\/figure>\n\n\n\n<figure class=\"wp-block-image size-large\"><img decoding=\"async\" width=\"1024\" height=\"768\" src=\"https:\/\/ccov.fr\/neufchateau\/wp-content\/uploads\/sites\/2\/2026\/03\/TetradiumDaniellii-1024x768.jpg\" alt=\"\" class=\"wp-image-2312\" srcset=\"https:\/\/ccov.fr\/neufchateau\/wp-content\/uploads\/sites\/2\/2026\/03\/TetradiumDaniellii-1024x768.jpg 1024w, https:\/\/ccov.fr\/neufchateau\/wp-content\/uploads\/sites\/2\/2026\/03\/TetradiumDaniellii-300x225.jpg 300w, https:\/\/ccov.fr\/neufchateau\/wp-content\/uploads\/sites\/2\/2026\/03\/TetradiumDaniellii-768x576.jpg 768w, https:\/\/ccov.fr\/neufchateau\/wp-content\/uploads\/sites\/2\/2026\/03\/TetradiumDaniellii-1536x1152.jpg 1536w, https:\/\/ccov.fr\/neufchateau\/wp-content\/uploads\/sites\/2\/2026\/03\/TetradiumDaniellii-2048x1536.jpg 2048w\" sizes=\"(max-width: 1024px) 100vw, 1024px\" \/><figcaption class=\"wp-element-caption\"><a href=\"https:\/\/commons.wikimedia.org\/wiki\/File:Tetradium_daniellii_kz04.jpg\">https:\/\/commons.wikimedia.org\/wiki\/File:Tetradium_daniellii_kz04.jpg <\/a><\/figcaption><\/figure>\n\n\n\n<p><\/p>\n","protected":false},"excerpt":{"rendered":"<p>Nom courant :&nbsp;Arbre des miels Nom scientifique :&nbsp;Euodia daniellii Provenance :&nbsp;L\u2019Euodia daniellii est originaire d\u2019Asie, notamment de Chine, o\u00f9 il est largement cultiv\u00e9 comme arbre d\u2019ornement. Descriptif :&nbsp;L\u2019Euodia daniellii est un petit arbre \u00e0 feuilles caduques de la famille des Rutaceae. Il peut atteindre une hauteur de 5 \u00e0 10 m\u00e8tres dans des conditions id\u00e9ales. [&hellip;]<\/p>\n","protected":false},"author":1,"featured_media":0,"parent":2342,"menu_order":0,"comment_status":"closed","ping_status":"closed","template":"","meta":{"_acf_changed":false,"ub_ctt_via":"","footnotes":""},"class_list":["post-2353","page","type-page","status-publish","hentry"],"acf":[],"featured_image_src":null,"_links":{"self":[{"href":"https:\/\/ccov.fr\/neufchateau\/wp-json\/wp\/v2\/pages\/2353","targetHints":{"allow":["GET"]}}],"collection":[{"href":"https:\/\/ccov.fr\/neufchateau\/wp-json\/wp\/v2\/pages"}],"about":[{"href":"https:\/\/ccov.fr\/neufchateau\/wp-json\/wp\/v2\/types\/page"}],"author":[{"embeddable":true,"href":"https:\/\/ccov.fr\/neufchateau\/wp-json\/wp\/v2\/users\/1"}],"replies":[{"embeddable":true,"href":"https:\/\/ccov.fr\/neufchateau\/wp-json\/wp\/v2\/comments?post=2353"}],"version-history":[{"count":3,"href":"https:\/\/ccov.fr\/neufchateau\/wp-json\/wp\/v2\/pages\/2353\/revisions"}],"predecessor-version":[{"id":2482,"href":"https:\/\/ccov.fr\/neufchateau\/wp-json\/wp\/v2\/pages\/2353\/revisions\/2482"}],"up":[{"embeddable":true,"href":"https:\/\/ccov.fr\/neufchateau\/wp-json\/wp\/v2\/pages\/2342"}],"wp:attachment":[{"href":"https:\/\/ccov.fr\/neufchateau\/wp-json\/wp\/v2\/media?parent=2353"}],"curies":[{"name":"wp","href":"https:\/\/api.w.org\/{rel}","templated":true}]}}