{"id":2405,"date":"2026-03-16T17:48:54","date_gmt":"2026-03-16T16:48:54","guid":{"rendered":"https:\/\/ccov.fr\/neufchateau\/?page_id=2405"},"modified":"2026-03-16T17:48:54","modified_gmt":"2026-03-16T16:48:54","slug":"cerisier-de-mandchourie","status":"publish","type":"page","link":"https:\/\/ccov.fr\/neufchateau\/vie-quotidienne\/environnement\/parc-des-confluences\/plantations\/cerisier-de-mandchourie\/","title":{"rendered":"Cerisier de Mandchourie"},"content":{"rendered":"\n<p><strong>Nom courant : <\/strong>Cerisier de Mandchourie<\/p>\n\n\n\n<p><strong>Nom scientifique :<\/strong> Prunus maackii<\/p>\n\n\n\n<p><strong>Provenance : <\/strong>Originaire d&#8217;Extr\u00eame-Orient, le Cerisier de Mandchourie est originaire de Mandchourie, une r\u00e9gion de Chine, ainsi que de la Cor\u00e9e et du Japon.<\/p>\n\n\n\n<p><strong>Descriptif :<\/strong> Le Cerisier de Mandchourie est un arbre \u00e0 feuilles caduques de taille moyenne, appartenant \u00e0 la famille des Rosaceae. Il peut atteindre une hauteur de 10 \u00e0 15 m\u00e8tres. L&#8217;\u00e9corce est brun rouge\u00e2tre et s&#8217;exfolie en minces bandes, r\u00e9v\u00e9lant une \u00e9corce lisse en dessous. Les feuilles sont ovales \u00e0 lanc\u00e9ol\u00e9es, vert fonc\u00e9 sur le dessus et plus p\u00e2les en dessous. Les fleurs sont petites, blanches et odorantes, regroup\u00e9es en grappes. Les fruits sont de petites drupes noires qui m\u00fbrissent \u00e0 l&#8217;automne.<\/p>\n\n\n\n<p><strong>Effets sur la sant\u00e9 :<\/strong> Les fruits du Cerisier de Mandchourie sont comestibles, mais leur saveur est g\u00e9n\u00e9ralement am\u00e8re et n&#8217;est pas aussi appr\u00e9ci\u00e9e que celle des cerises domestiques. Cependant, ils peuvent \u00eatre consomm\u00e9s ou utilis\u00e9s pour la fabrication de confitures et de gel\u00e9es.<\/p>\n\n\n\n<p><strong>Effet sur la nature : <\/strong>Le Cerisier de Mandchourie offre un habitat et une source de nourriture pour diverses esp\u00e8ces d&#8217;insectes, d&#8217;oiseaux et de petits mammif\u00e8res. En tant qu&#8217;arbre ornemental, il est souvent plant\u00e9 pour sa belle floraison printani\u00e8re et son \u00e9corce exfoliante, ce qui en fait un ajout esth\u00e9tique aux jardins et aux parcs.<\/p>\n\n\n\n<p><strong>Entretien : <\/strong>Le Cerisier de Mandchourie est g\u00e9n\u00e9ralement peu exigeant en termes d&#8217;entretien une fois \u00e9tabli dans un sol appropri\u00e9. Il pr\u00e9f\u00e8re les sols bien drain\u00e9s et tol\u00e8re d\u2019autres conditions, y compris les sols acides et alcalins. Une taille l\u00e9g\u00e8re peut \u00eatre pratiqu\u00e9e pour \u00e9liminer les branches mortes ou malades et pour maintenir une forme attrayante. Il peut n\u00e9cessiter un arrosage r\u00e9gulier pendant les p\u00e9riodes s\u00e8ches, surtout lorsqu&#8217;il est jeune, pour favoriser une croissance saine.<\/p>\n\n\n\n<p><strong>Visuel arbre adulte :<\/strong><\/p>\n\n\n\n<figure class=\"wp-block-image size-full\"><img fetchpriority=\"high\" decoding=\"async\" width=\"500\" height=\"583\" src=\"https:\/\/ccov.fr\/neufchateau\/wp-content\/uploads\/sites\/2\/2026\/03\/\u0427\u0435\u0440\u0435\u043c\u0443\u0445\u0430_\u041c\u0430\u0430\u043a\u0430_\u0441\u0435\u043c\u0435\u0439\u0441\u0442\u0432\u0430_\u0440\u043e\u0437\u043e\u0432\u044b\u0445.jpg\" alt=\"\" class=\"wp-image-2407\" srcset=\"https:\/\/ccov.fr\/neufchateau\/wp-content\/uploads\/sites\/2\/2026\/03\/\u0427\u0435\u0440\u0435\u043c\u0443\u0445\u0430_\u041c\u0430\u0430\u043a\u0430_\u0441\u0435\u043c\u0435\u0439\u0441\u0442\u0432\u0430_\u0440\u043e\u0437\u043e\u0432\u044b\u0445.jpg 500w, https:\/\/ccov.fr\/neufchateau\/wp-content\/uploads\/sites\/2\/2026\/03\/\u0427\u0435\u0440\u0435\u043c\u0443\u0445\u0430_\u041c\u0430\u0430\u043a\u0430_\u0441\u0435\u043c\u0435\u0439\u0441\u0442\u0432\u0430_\u0440\u043e\u0437\u043e\u0432\u044b\u0445-257x300.jpg 257w\" sizes=\"(max-width: 500px) 100vw, 500px\" \/><figcaption class=\"wp-element-caption\">\u00a9Yurii Good, <a href=\"https:\/\/creativecommons.org\/licenses\/by-sa\/4.0\">CC BY-SA 4.0<\/a>, via Wikimedia Commons<br><a href=\"https:\/\/commons.wikimedia.org\/wiki\/File:\u0427\u0435\u0440\u0435\u043c\u0443\u0445\u0430_\u041c\u0430\u0430\u043a\u0430_\u0441\u0435\u043c\u0435\u0439\u0441\u0442\u0432\u0430_\u0440\u043e\u0437\u043e\u0432\u044b\u0445.jpg?uselang=fr\">https:\/\/commons.wikimedia.org\/wiki\/File:%D0%A7%D0%B5%D1%80%D0%B5%D0%BC%D1%83%D1%85%D0%B0_%D0%9C%D0%B0%D0%B0%D0%BA%D0%B0_%D1%81%D0%B5%D0%BC%D0%B5%D0%B9%D1%81%D1%82%D0%B2%D0%B0_%D1%80%D0%BE%D0%B7%D0%BE%D0%B2%D1%8B%D1%85.jpg?uselang=fr<\/a><\/figcaption><\/figure>\n\n\n\n<figure class=\"wp-block-image size-full\"><img decoding=\"async\" width=\"960\" height=\"640\" src=\"https:\/\/ccov.fr\/neufchateau\/wp-content\/uploads\/sites\/2\/2026\/03\/Prunus_maackii_4zz.jpg\" alt=\"\" class=\"wp-image-2406\" srcset=\"https:\/\/ccov.fr\/neufchateau\/wp-content\/uploads\/sites\/2\/2026\/03\/Prunus_maackii_4zz.jpg 960w, https:\/\/ccov.fr\/neufchateau\/wp-content\/uploads\/sites\/2\/2026\/03\/Prunus_maackii_4zz-300x200.jpg 300w, https:\/\/ccov.fr\/neufchateau\/wp-content\/uploads\/sites\/2\/2026\/03\/Prunus_maackii_4zz-768x512.jpg 768w\" sizes=\"(max-width: 960px) 100vw, 960px\" \/><figcaption class=\"wp-element-caption\">\u00a9Photo by David J. Stang, <a href=\"https:\/\/creativecommons.org\/licenses\/by-sa\/4.0\">CC BY-SA 4.0<\/a>, via Wikimedia Commons<br><a href=\"https:\/\/commons.wikimedia.org\/wiki\/File:Prunus_maackii_4zz.jpg\">https:\/\/commons.wikimedia.org\/wiki\/File:Prunus_maackii_4zz.jpg<\/a><\/figcaption><\/figure>\n\n\n\n<p><\/p>\n","protected":false},"excerpt":{"rendered":"<p>Nom courant : Cerisier de Mandchourie Nom scientifique : Prunus maackii Provenance : Originaire d&#8217;Extr\u00eame-Orient, le Cerisier de Mandchourie est originaire de Mandchourie, une r\u00e9gion de Chine, ainsi que de la Cor\u00e9e et du Japon. Descriptif : Le Cerisier de Mandchourie est un arbre \u00e0 feuilles caduques de taille moyenne, appartenant \u00e0 la famille des [&hellip;]<\/p>\n","protected":false},"author":1,"featured_media":0,"parent":2342,"menu_order":0,"comment_status":"closed","ping_status":"closed","template":"","meta":{"_acf_changed":false,"ub_ctt_via":"","footnotes":""},"class_list":["post-2405","page","type-page","status-publish","hentry"],"acf":[],"featured_image_src":null,"_links":{"self":[{"href":"https:\/\/ccov.fr\/neufchateau\/wp-json\/wp\/v2\/pages\/2405","targetHints":{"allow":["GET"]}}],"collection":[{"href":"https:\/\/ccov.fr\/neufchateau\/wp-json\/wp\/v2\/pages"}],"about":[{"href":"https:\/\/ccov.fr\/neufchateau\/wp-json\/wp\/v2\/types\/page"}],"author":[{"embeddable":true,"href":"https:\/\/ccov.fr\/neufchateau\/wp-json\/wp\/v2\/users\/1"}],"replies":[{"embeddable":true,"href":"https:\/\/ccov.fr\/neufchateau\/wp-json\/wp\/v2\/comments?post=2405"}],"version-history":[{"count":1,"href":"https:\/\/ccov.fr\/neufchateau\/wp-json\/wp\/v2\/pages\/2405\/revisions"}],"predecessor-version":[{"id":2408,"href":"https:\/\/ccov.fr\/neufchateau\/wp-json\/wp\/v2\/pages\/2405\/revisions\/2408"}],"up":[{"embeddable":true,"href":"https:\/\/ccov.fr\/neufchateau\/wp-json\/wp\/v2\/pages\/2342"}],"wp:attachment":[{"href":"https:\/\/ccov.fr\/neufchateau\/wp-json\/wp\/v2\/media?parent=2405"}],"curies":[{"name":"wp","href":"https:\/\/api.w.org\/{rel}","templated":true}]}}