{"id":2424,"date":"2026-03-17T09:12:22","date_gmt":"2026-03-17T08:12:22","guid":{"rendered":"https:\/\/ccov.fr\/neufchateau\/?page_id=2424"},"modified":"2026-03-17T09:19:05","modified_gmt":"2026-03-17T08:19:05","slug":"chene-des-marais","status":"publish","type":"page","link":"https:\/\/ccov.fr\/neufchateau\/vie-quotidienne\/environnement\/parc-des-confluences\/plantations\/chene-des-marais\/","title":{"rendered":"Ch\u00eane des Marais, ch\u00eane rouge d\u2019Am\u00e9rique"},"content":{"rendered":"\n<p><strong>Nom courant :<\/strong> Ch\u00eane des marais, Ch\u00eane rouge d&#8217;Am\u00e9rique<\/p>\n\n\n\n<p><strong>Nom scientifique : <\/strong>Quercus palustris<\/p>\n\n\n\n<p><strong>Provenance :<\/strong> Originaire d&#8217;Am\u00e9rique du Nord, le Quercus palustris est pr\u00e9sent dans les r\u00e9gions de l&#8217;est des \u00c9tats-Unis et du Canada.<\/p>\n\n\n\n<p><strong>Descriptif :<\/strong> Le Quercus palustris est un grand arbre \u00e0 feuilles caduques de la famille des Fagaceae, pouvant atteindre une hauteur de 25 \u00e0 30 m\u00e8tres. Il se distingue par son port conique lorsqu&#8217;il est jeune, qui \u00e9volue vers une forme plus arrondie avec l&#8217;\u00e2ge. Son \u00e9corce est lisse et gris\u00e2tre dans sa jeunesse, devenant plus rugueuse et fissur\u00e9e avec le temps. Les feuilles sont lob\u00e9es et profond\u00e9ment d\u00e9coup\u00e9es, de couleur verte fonc\u00e9e en \u00e9t\u00e9, virant au rouge vif \u00e0 l&#8217;automne. Les glands, fruits du ch\u00eane des marais, sont petits et apparaissent g\u00e9n\u00e9ralement en groupe.<\/p>\n\n\n\n<p><strong>Effets sur la sant\u00e9 : <\/strong>Les glands du Quercus palustris sont comestibles pour les animaux sauvages, mais ils ne sont pas consid\u00e9r\u00e9s comme comestibles pour les humains. En tant que membre de la famille des ch\u00eanes, le bois du Quercus palustris peut \u00eatre utilis\u00e9 dans diverses applications, telles que la construction et la fabrication de meubles.<\/p>\n\n\n\n<p><strong>Effet sur la nature :<\/strong> Le Quercus palustris offre un habitat et une source de nourriture pour une vari\u00e9t\u00e9 d&#8217;esp\u00e8ces animales, y compris les oiseaux et les \u00e9cureuils qui se nourrissent des glands. En tant qu&#8217;arbre \u00e0 feuilles caduques, il contribue au cycle des nutriments en d\u00e9versant ses feuilles chaque automne, fournissant une mati\u00e8re organique pour le sol et favorisant la biodiversit\u00e9 dans son \u00e9cosyst\u00e8me.<strong>Entretien :<\/strong> Le Quercus palustris est g\u00e9n\u00e9ralement un arbre peu exigeant en termes d&#8217;entretien une fois \u00e9tabli dans un sol appropri\u00e9. Il pr\u00e9f\u00e8re les sols riches en \u00e9l\u00e9ments nutritifs et bien drain\u00e9s, mais il peut tol\u00e9rer une gamme de conditions de sol, y compris les sols argileux et humides. Il est r\u00e9sistant \u00e0 la pollution atmosph\u00e9rique et peut \u00eatre plant\u00e9 dans des environnements urbains. Il peut n\u00e9cessiter une taille l\u00e9g\u00e8re pour \u00e9liminer les branches mortes ou endommag\u00e9es, mais cela est g\u00e9n\u00e9ralement rarement n\u00e9cessaire.<\/p>\n\n\n\n<figure class=\"wp-block-image size-full\"><img fetchpriority=\"high\" decoding=\"async\" width=\"960\" height=\"947\" src=\"https:\/\/ccov.fr\/neufchateau\/wp-content\/uploads\/sites\/2\/2026\/03\/Quercus_palustris_autumn_color_Pionirski_park_Belgrade.jpg\" alt=\"\" class=\"wp-image-2425\" srcset=\"https:\/\/ccov.fr\/neufchateau\/wp-content\/uploads\/sites\/2\/2026\/03\/Quercus_palustris_autumn_color_Pionirski_park_Belgrade.jpg 960w, https:\/\/ccov.fr\/neufchateau\/wp-content\/uploads\/sites\/2\/2026\/03\/Quercus_palustris_autumn_color_Pionirski_park_Belgrade-300x296.jpg 300w, https:\/\/ccov.fr\/neufchateau\/wp-content\/uploads\/sites\/2\/2026\/03\/Quercus_palustris_autumn_color_Pionirski_park_Belgrade-768x758.jpg 768w\" sizes=\"(max-width: 960px) 100vw, 960px\" \/><figcaption class=\"wp-element-caption\"><a href=\"https:\/\/commons.wikimedia.org\/wiki\/File:Quercus_palustris_autumn_color,_Pionirski_park,_Belgrade.jpg\">https:\/\/commons.wikimedia.org\/wiki\/File:Quercus_palustris_autumn_color,_Pionirski_park,_Belgrade.jpg <\/a><\/figcaption><\/figure>\n\n\n\n<figure class=\"wp-block-image size-full\"><img decoding=\"async\" width=\"500\" height=\"750\" src=\"https:\/\/ccov.fr\/neufchateau\/wp-content\/uploads\/sites\/2\/2026\/03\/Quercus_palustris_in_Aveyron_5.jpg\" alt=\"\" class=\"wp-image-2426\" srcset=\"https:\/\/ccov.fr\/neufchateau\/wp-content\/uploads\/sites\/2\/2026\/03\/Quercus_palustris_in_Aveyron_5.jpg 500w, https:\/\/ccov.fr\/neufchateau\/wp-content\/uploads\/sites\/2\/2026\/03\/Quercus_palustris_in_Aveyron_5-200x300.jpg 200w\" sizes=\"(max-width: 500px) 100vw, 500px\" \/><figcaption class=\"wp-element-caption\"><a href=\"https:\/\/commons.wikimedia.org\/wiki\/File:Quercus_palustris_in_Aveyron_(5).jpg\">https:\/\/commons.wikimedia.org\/wiki\/File:Quercus_palustris_in_Aveyron_(5).jpg <\/a><\/figcaption><\/figure>\n\n\n\n<p><\/p>\n","protected":false},"excerpt":{"rendered":"<p>Nom courant : Ch\u00eane des marais, Ch\u00eane rouge d&#8217;Am\u00e9rique Nom scientifique : Quercus palustris Provenance : Originaire d&#8217;Am\u00e9rique du Nord, le Quercus palustris est pr\u00e9sent dans les r\u00e9gions de l&#8217;est des \u00c9tats-Unis et du Canada. Descriptif : Le Quercus palustris est un grand arbre \u00e0 feuilles caduques de la famille des Fagaceae, pouvant atteindre une [&hellip;]<\/p>\n","protected":false},"author":1,"featured_media":0,"parent":2342,"menu_order":0,"comment_status":"closed","ping_status":"closed","template":"","meta":{"_acf_changed":false,"ub_ctt_via":"","footnotes":""},"class_list":["post-2424","page","type-page","status-publish","hentry"],"acf":[],"featured_image_src":null,"_links":{"self":[{"href":"https:\/\/ccov.fr\/neufchateau\/wp-json\/wp\/v2\/pages\/2424","targetHints":{"allow":["GET"]}}],"collection":[{"href":"https:\/\/ccov.fr\/neufchateau\/wp-json\/wp\/v2\/pages"}],"about":[{"href":"https:\/\/ccov.fr\/neufchateau\/wp-json\/wp\/v2\/types\/page"}],"author":[{"embeddable":true,"href":"https:\/\/ccov.fr\/neufchateau\/wp-json\/wp\/v2\/users\/1"}],"replies":[{"embeddable":true,"href":"https:\/\/ccov.fr\/neufchateau\/wp-json\/wp\/v2\/comments?post=2424"}],"version-history":[{"count":1,"href":"https:\/\/ccov.fr\/neufchateau\/wp-json\/wp\/v2\/pages\/2424\/revisions"}],"predecessor-version":[{"id":2427,"href":"https:\/\/ccov.fr\/neufchateau\/wp-json\/wp\/v2\/pages\/2424\/revisions\/2427"}],"up":[{"embeddable":true,"href":"https:\/\/ccov.fr\/neufchateau\/wp-json\/wp\/v2\/pages\/2342"}],"wp:attachment":[{"href":"https:\/\/ccov.fr\/neufchateau\/wp-json\/wp\/v2\/media?parent=2424"}],"curies":[{"name":"wp","href":"https:\/\/api.w.org\/{rel}","templated":true}]}}