{"id":2473,"date":"2026-03-17T09:55:20","date_gmt":"2026-03-17T08:55:20","guid":{"rendered":"https:\/\/ccov.fr\/neufchateau\/?page_id=2473"},"modified":"2026-03-17T09:56:22","modified_gmt":"2026-03-17T08:56:22","slug":"merisier-a-grappes","status":"publish","type":"page","link":"https:\/\/ccov.fr\/neufchateau\/vie-quotidienne\/environnement\/parc-des-confluences\/plantations\/merisier-a-grappes\/","title":{"rendered":"Merisier \u00e0 grappe"},"content":{"rendered":"\n<p><strong>Nom courant :<\/strong> Merisier \u00e0 grappes<\/p>\n\n\n\n<p><strong>Nom scientifique :<\/strong> Prunus padus<\/p>\n\n\n\n<p><strong>Provenance :<\/strong> Le Merisier \u00e0 grappes est originaire d&#8217;Europe et d&#8217;Asie occidentale, o\u00f9 il est r\u00e9pandu dans les zones temp\u00e9r\u00e9es.<\/p>\n\n\n\n<p><strong>Descriptif :<\/strong> Le Merisier \u00e0 grappes c\u00e9p\u00e9e est une vari\u00e9t\u00e9 de merisier \u00e0 grappes (Prunus padus) qui est taill\u00e9e pour avoir une forme c\u00e9p\u00e9e, c&#8217;est-\u00e0-dire un tronc unique avec une couronne large et \u00e9tal\u00e9e. Il appartient \u00e0 la famille des Rosaceae. C&#8217;est un petit arbre \u00e0 feuilles caduques qui peut atteindre une hauteur de 6 \u00e0 10 m\u00e8tres. Ses feuilles sont vertes, ovales et dentel\u00e9es, devenant jaunes \u00e0 l&#8217;automne. Au printemps, il produit de belles grappes de fleurs blanches parfum\u00e9es, suivies de petites baies noires toxiques pour la consommation humaine.<\/p>\n\n\n\n<p><strong>Effets sur la sant\u00e9 : <\/strong>Les baies du Merisier \u00e0 grappes sont toxiques pour les humains s&#8217;ils sont consomm\u00e9s en grande quantit\u00e9. Il est important de garder \u00e0 l&#8217;esprit que la consommation des baies peut causer des probl\u00e8mes gastro-intestinaux et d&#8217;autres sympt\u00f4mes. Cependant, les fleurs sont souvent appr\u00e9ci\u00e9es pour leur parfum et peuvent \u00eatre utilis\u00e9es pour faire du sirop ou des infusions.<\/p>\n\n\n\n<p><strong>Effet sur la nature :<\/strong> Le Merisier \u00e0 grappes est une plante pr\u00e9cieuse pour la faune, fournissant de la nourriture pour les oiseaux et les petits mammif\u00e8res qui se nourrissent de ses baies. Ses fleurs attirent \u00e9galement les abeilles et autres insectes pollinisateurs, ce qui en fait un ajout pr\u00e9cieux aux jardins et aux paysages naturels.<\/p>\n\n\n\n<p><strong>Entretien :<\/strong> Le Merisier \u00e0 grappes c\u00e9p\u00e9e n\u00e9cessite peu d&#8217;entretien une fois \u00e9tabli.<\/p>\n\n\n\n<p>Il pr\u00e9f\u00e8re les sols bien drain\u00e9s et peut tol\u00e9rer une gamme de conditions de sol, y compris les sols acides \u00e0 l\u00e9g\u00e8rement alcalins. Une taille l\u00e9g\u00e8re peut \u00eatre pratiqu\u00e9e pour maintenir sa forme c\u00e9p\u00e9e et \u00e9liminer les branches mortes ou ind\u00e9sirables. Comme pour de nombreux arbres, il est important d&#8217;arroser r\u00e9guli\u00e8rement les jeunes plants jusqu&#8217;\u00e0 ce qu&#8217;ils soient bien \u00e9tablis.<\/p>\n\n\n\n<figure class=\"wp-block-image size-full is-resized\"><img fetchpriority=\"high\" decoding=\"async\" width=\"960\" height=\"720\" src=\"https:\/\/ccov.fr\/neufchateau\/wp-content\/uploads\/sites\/2\/2026\/03\/Image-Bird_cherry_blossom_Prunus_padus_in_Finnish_tuomi.jpg\" alt=\"\" class=\"wp-image-2474\" style=\"width:500px;height:auto\" srcset=\"https:\/\/ccov.fr\/neufchateau\/wp-content\/uploads\/sites\/2\/2026\/03\/Image-Bird_cherry_blossom_Prunus_padus_in_Finnish_tuomi.jpg 960w, https:\/\/ccov.fr\/neufchateau\/wp-content\/uploads\/sites\/2\/2026\/03\/Image-Bird_cherry_blossom_Prunus_padus_in_Finnish_tuomi-300x225.jpg 300w, https:\/\/ccov.fr\/neufchateau\/wp-content\/uploads\/sites\/2\/2026\/03\/Image-Bird_cherry_blossom_Prunus_padus_in_Finnish_tuomi-768x576.jpg 768w\" sizes=\"(max-width: 960px) 100vw, 960px\" \/><figcaption class=\"wp-element-caption\"><a href=\"https:\/\/commons.wikimedia.org\/wiki\/File:Image-Bird_cherry_blossom_(Prunus_padus_in_Finnish_tuomi).jpg\">https:\/\/commons.wikimedia.org\/wiki\/File:Image-Bird_cherry_blossom_(Prunus_padus_in_Finnish_tuomi).jpg<\/a><\/figcaption><\/figure>\n\n\n\n<figure class=\"wp-block-image size-full\"><img decoding=\"async\" width=\"960\" height=\"720\" src=\"https:\/\/ccov.fr\/neufchateau\/wp-content\/uploads\/sites\/2\/2026\/03\/Prunus_padus1.jpg\" alt=\"\" class=\"wp-image-2475\" srcset=\"https:\/\/ccov.fr\/neufchateau\/wp-content\/uploads\/sites\/2\/2026\/03\/Prunus_padus1.jpg 960w, https:\/\/ccov.fr\/neufchateau\/wp-content\/uploads\/sites\/2\/2026\/03\/Prunus_padus1-300x225.jpg 300w, https:\/\/ccov.fr\/neufchateau\/wp-content\/uploads\/sites\/2\/2026\/03\/Prunus_padus1-768x576.jpg 768w\" sizes=\"(max-width: 960px) 100vw, 960px\" \/><figcaption class=\"wp-element-caption\"><a href=\"https:\/\/commons.wikimedia.org\/wiki\/File:Prunus_padus1.jpg\">https:\/\/commons.wikimedia.org\/wiki\/File:Prunus_padus1.jpg<\/a><\/figcaption><\/figure>\n\n\n\n<p><\/p>\n","protected":false},"excerpt":{"rendered":"<p>Nom courant : Merisier \u00e0 grappes Nom scientifique : Prunus padus Provenance : Le Merisier \u00e0 grappes est originaire d&#8217;Europe et d&#8217;Asie occidentale, o\u00f9 il est r\u00e9pandu dans les zones temp\u00e9r\u00e9es. Descriptif : Le Merisier \u00e0 grappes c\u00e9p\u00e9e est une vari\u00e9t\u00e9 de merisier \u00e0 grappes (Prunus padus) qui est taill\u00e9e pour avoir une forme c\u00e9p\u00e9e, [&hellip;]<\/p>\n","protected":false},"author":1,"featured_media":0,"parent":2342,"menu_order":0,"comment_status":"closed","ping_status":"closed","template":"","meta":{"_acf_changed":false,"ub_ctt_via":"","footnotes":""},"class_list":["post-2473","page","type-page","status-publish","hentry"],"acf":[],"featured_image_src":null,"_links":{"self":[{"href":"https:\/\/ccov.fr\/neufchateau\/wp-json\/wp\/v2\/pages\/2473","targetHints":{"allow":["GET"]}}],"collection":[{"href":"https:\/\/ccov.fr\/neufchateau\/wp-json\/wp\/v2\/pages"}],"about":[{"href":"https:\/\/ccov.fr\/neufchateau\/wp-json\/wp\/v2\/types\/page"}],"author":[{"embeddable":true,"href":"https:\/\/ccov.fr\/neufchateau\/wp-json\/wp\/v2\/users\/1"}],"replies":[{"embeddable":true,"href":"https:\/\/ccov.fr\/neufchateau\/wp-json\/wp\/v2\/comments?post=2473"}],"version-history":[{"count":1,"href":"https:\/\/ccov.fr\/neufchateau\/wp-json\/wp\/v2\/pages\/2473\/revisions"}],"predecessor-version":[{"id":2476,"href":"https:\/\/ccov.fr\/neufchateau\/wp-json\/wp\/v2\/pages\/2473\/revisions\/2476"}],"up":[{"embeddable":true,"href":"https:\/\/ccov.fr\/neufchateau\/wp-json\/wp\/v2\/pages\/2342"}],"wp:attachment":[{"href":"https:\/\/ccov.fr\/neufchateau\/wp-json\/wp\/v2\/media?parent=2473"}],"curies":[{"name":"wp","href":"https:\/\/api.w.org\/{rel}","templated":true}]}}